*y = 12, 5*y = a - 260 + 49. Suppose -5*s - 2*s - a = 0. List the prime factors of h(s).
2, 67
Suppose 17*d - 458313 + 118109 = 0. List the prime factors of d.
2, 5003
Let i be (0 - 9) + 4 + 3. Let h be -1 + i + -113 + -4. Let g = h - -203. What are the prime factors of g?
83
What are the prime factors of (-9810460)/(-627) - 1/((-6)/(-4))?
2, 7823
Suppose -52963 = -j - 5*c - 16985, -j - 2*c = -35978. What are the prime factors of j?
2, 17989
Suppose 97*p - 18294 = 16335. Suppose 3*o = -2*o + 1065. Let k = p - o. What are the prime factors of k?
2, 3
Suppose 2*z + 5*c = -119, 5*z - 3*c + 28 = -223. Let w = z + 70. Suppose 5*p - w = -2*q + 259, q = -5*p + 151. What are the prime factors of q?
2, 3, 7
Let g = 682 - 252. Suppose -431*s = -g*s - 800. What are the prime factors of s?
2, 5
Suppose -5810*q + 403200 = -5789*q. List the prime factors of q.
2, 3, 5
Suppose -9 = -2*x - 5. Suppose 10 = -x*w + 42. Suppose 19*p - w*p - 168 = 0. List the prime factors of p.
2, 7
Suppose 22*j = 17*j + 4*w - 23584, 0 = -j - 2*w - 4714. What are the prime factors of j*((-33)/(-12) - 3)?
3, 131
Let b = -14 - -41. Suppose b - 3 = 6*y. What are the prime factors of -346*(-3 + 1)/y?
173
Suppose 148*m - 153*m = -3940. Let p = -387 + m. What are the prime factors of p?
401
Let o(q) = 130*q**2 + 75*q - 2. What are the prime factors of o(-2)?
2, 23
Let j = 12 + -9. Suppose 0 = -3*v - 2*i + 484, 187 = 2*v + j*i - 139. Suppose v - 790 = -7*u. What are the prime factors of u?
2, 3, 5
Let d be (1 + -3 - -2)*1/(-2). Let y be (d - (-2 + -1)) + 1194/6. Suppose 0 = -5*o - 3*h + y, -2*o - 3*h + 28 + 60 = 0. What are the prime factors of o?
2, 19
Suppose 0 = 15*q - 415 - 245. Suppose 3*z - 3*g = -36, g = -5*z + 2*g - q. Let s(d) = d**2 + 4*d + 22. What are the prime factors of s(z)?
2, 3
Let j = -1244 - -3290. Suppose 11924 = 11*i - j. List the prime factors of i.
2, 5, 127
Suppose 7647 = 7*h - 14655. Suppose -3519 = -5*u + h. What are the prime factors of u?
3, 149
Let f be 2 - (-1 + 2)*2. Suppose -4*b + 24 + 14 = -2*k, 50 = 5*b - 2*k. Let g = b + f. List the prime factors of g.
2, 3
Let m = -119 + 120. List the prime factors of (m + 1131/(-12))/(1/(-4)).
373
Suppose -5*j - 5*q + 0*q = -705, 4*q + 444 = 3*j. Let f be -4*4/32 - (-498)/(-4). Let k = f + j. What are the prime factors of k?
19
Suppose 3*s = -2*i + 24, -13*i = -s - 10*i + 8. What are the prime factors of s/(-12) + 2069/3?
13, 53
Let n = 243 - 240. Let d(f) = 26*f**3 + 12*f - 1. List the prime factors of d(n).
11, 67
Suppose 6*t - 11120 - 5464 = 0. What are the prime factors of t?
2, 691
Let q = -2 + 2. Suppose 0 = 4*a + 3*f, -10*f + 6*f = 4*a + 4. Suppose t - 372 = -3*d, q*t + 4*t + 357 = a*d. What are the prime factors of d?
3, 41
Let s = 17 - 12. Suppose -3*j - 3*w - 13 + 4 = 0, 0 = 2*j - s*w - 8. Let z(r) = 38*r**2 - 2. What are the prime factors of z(j)?
2, 3
Let m(b) = 108*b - 35. Let n be m(8). Let c = n + -508. What are the prime factors of c?
3, 107
Let b(s) = -3*s**2 - 2*s**2 + 7*s**2 + 12*s + 8*s. Let w be b(-11). Suppose -w*z + 18*z + 484 = 0. What are the prime factors of z?
11
Suppose -51*n + 53*n + 130 = 0. Let m = n - -69. Suppose -5*a = -m*a + 4*w - 26, 4*w = -2*a + 44. List the prime factors of a.
2, 3
Suppose -2*h = 3*u - 12031, -3*h - 5784 + 23836 = -u. List the prime factors of h.
11, 547
Let z = -54 - -4. Let r = z - -50. Suppose -x - 58 + 188 = r. What are the prime factors of x?
2, 5, 13
Let o = 34 - 28. Suppose -4 - 2 = -o*k. List the prime factors of k - 2*(-113)/2.
2, 3, 19
Suppose -2*a + a = 4*a. Suppose -2*n - y + 33 = -a*n, -5*y = -3*n + 30. List the prime factors of (1 - 0)*(-56)/(-12)*n.
2, 5, 7
Suppose -19*y + 64*y = 1890. Suppose -2200 + 46174 = y*n. List the prime factors of n.
3, 349
Let k = 42 - 46. Let u be (-2)/(-1) - (-17 - k). What are the prime factors of 23 - -3*(-20)/u?
19
List the prime factors of -4 - 0 - 292396/(-26) - -7.
7, 1607
Let k(v) = -2*v**3 + 4*v**2 - 40*v + 24567. What are the prime factors of k(0)?
3, 19, 431
Suppose 5493*v = 5503*v - 1300. List the prime factors of v.
2, 5, 13
Suppose -5*l + 21 = -94. Suppose 9*d + 4424 = l*d. What are the prime factors of d?
2, 79
Let y be (-2010)/(-9) + 0 - 4/12. Suppose 35*k + y - 2953 = 0. List the prime factors of k.
2, 3, 13
Suppose 3*g - 2*r + 61 = 0, 8*r - 103 = 5*g + 4*r. Let x = 84 - 2. Let l = x + g. What are the prime factors of l?
3, 7
Let u = 114 + -110. Suppose 0 = u*l + 8, 0 = q - 5*l + l - 414. What are the prime factors of q?
2, 7, 29
Suppose -5*s + 11*s = -252. Let p = 39 + s. List the prime factors of (p + ((-51)/(-15) - -3))*5.
17
Let r(u) be the second derivative of 111*u**4/4 + 13*u**3/6 - 6*u**2 - 14*u. List the prime factors of r(1).
2, 167
Let q = 205 + -49. What are the prime factors of q?
2, 3, 13
Suppose 5 = -11*l + 12*l, -l + 10 = 5*x. List the prime factors of ((-1319)/(-4))/(x + 21/(-28)).
1319
Let c(t) = -7*t + 70. Let a be c(9). List the prime factors of 333 + (3 - (a + -2)).
331
Let t(s) = 61 - 21*s - 9 - 52*s**2 + 231*s**2 - 70*s**2. What are the prime factors of t(3)?
2, 5, 97
Let x(j) = -24*j**2 - 5*j - 6. Let y be x(-1). Let c = y - -46. What are the prime factors of c?
3, 7
Let v(h) be the third derivative of 0 - 11/6*h**3 + 0*h + 1/12*h**4 + 14*h**2 + 1/12*h**5. List the prime factors of v(4).
7, 11
List the prime factors of (-1 - ((-3322)/6 - -1))/((-1725)/(-87975)).
5, 17, 331
Let h = 519 - -235. Suppose 152 + h = 3*d. What are the prime factors of d?
2, 151
Let s = -59 + 71. Let q be (-2 + s*(-2)/(-10))*5. Suppose 4*y = -j + 75, y + j - 20 = q*j. List the prime factors of y.
19
Let c = 42 - 46. Let h be -2 + (0 - c - 27). Let m(u) = -6*u + 39. List the prime factors of m(h).
3, 7
Suppose 2779 + 266 = -3*u. Let h = u - -2266. What are the prime factors of h?
3, 139
Let l = -8 - -23. Suppose 3*f + l = 0, 5*m = -0*f - f. Suppose 2*q = -m - 1, -5*s - 5*q = -500. What are the prime factors of s?
101
Let o = 45 - 20. Suppose -2*k - 34 = -4*y - 94, o = k + 3*y. Suppose -338 - k = -6*b. What are the prime factors of b?
61
Suppose 0 = -498*z + 492*z + 5616. Suppose 9*x - z = 5193. What are the prime factors of x?
3, 227
Suppose -101*z + 3129120 = 43*z. What are the prime factors of z?
2, 5, 41, 53
Suppose -3*m = 2*j - 9416, -5*j + 5*m + 12820 + 10795 = 0. What are the prime factors of j?
53, 89
Let y(z) = -93*z - 102. Let j be y(-25). Suppose -533 = 2*a - j. List the prime factors of a.
5, 13
Suppose -2*q - 79 = -2*n + 571, 935 = 3*n + 5*q. Let d(o) = 4*o**2 + 105*o - 64. Let g be d(-27). Suppose -n = g*k - 3142. List the prime factors of k.
2, 83
Let a be 3/(-2)*(-4 - 16/(-6)). Suppose a*d = 2*n + 4, 4*d - 3*n = -d + 6. Suppose q - 2*v = 38, d*q - 4*v = 4*q - 116. List the prime factors of q.
2
Let n(w) = -1020*w - 204. What are the prime factors of n(-6)?
2, 3, 17, 29
Let y(k) = -18*k - 19. Let a be y(13). Let n = -211 - a. What are the prime factors of n?
2, 3, 7
Let m = 29322 - 19712. List the prime factors of m.
2, 5, 31
Suppose 2*n - v - 14878 = 3211, 0 = n - 4*v - 9048. List the prime factors of n.
2, 7, 17, 19
Let c = 125 - 121. Suppose 3*g = -5*n - 138, -c*g - 32 = 5*n + 157. Let i = g + 136. What are the prime factors of i?
5, 17
Suppose -15 = 5*z, -5*z + 5 - 35 = 3*j. Let f(b) = -7*b**3 - 3*b**2 - 14*b + 11. List the prime factors of f(j).
881
Let a(i) = -i**2 + 41*i - 68. Suppose 10*m - 310 = -0*m. List the prime factors of a(m).
2, 11
Suppose -3*g + 40 = 34. Let a be (-8)/(-4) - 4 - 120. Let q = g - a. What are the prime factors of q?
2, 31
Let p(f) = -f - 5. Let w be p(-7). Suppose 14*s + w*s = 4*s. Suppose 5*z - 5 - 65 = s. What are the prime factors of z?
2, 7
Let f = -97 - -292. Let l = -64 + f. What are the prime factors of l?
131
Let o = 817 - 109. List the prime factors of 2/(((-3)/9)/(o/(-9))).
2, 59
Let w = 5243 - 3048. Suppose -4*p + 5*b + 1723 = 0, 0 = 2*p + 3*p + 2*b - w. List the prime factors of p.
19, 23
Let m be 6/27 + 16/9. Let z be (-14)/(-70) + m/(-10). Suppose 464 = 4*f - 4*u, 4*f = -z*f - 5*u + 437. What are the prime factors of f?
113
Let p = -33442 + 52940. List the prime factors of p.
2, 9749
Let w(z) = -z**3 - 4*z**2 + 4*z - 1. Suppose -8*q - 13 = 27. Let o be w(q). Suppose -o*r + 4*a + 216 = 3*a, 2*r = 5*a + 126. What are the prime factors of r?
53
